en thousands digit of 32574833?
7
What is the thousands digit of 863417?
3
What is the tens digit of 210700?
0
What is the units digit of 3598377?
7
What is the tens digit of 1951275?
7
What is the hundreds digit of 9891?
8
What is the hundred thousands digit of 2242805?
2
What is the thousands digit of 159154?
9
What is the ten thousands digit of 4728338?
2
What is the millions digit of 3003888?
3
What is the hundred thousands digit of 342623?
3
What is the millions digit of 2031296?
2
What is the hundreds digit of 3483966?
9
What is the units digit of 21857881?
1
What is the hundred thousands digit of 1740909?
7
What is the tens digit of 932712?
1
What is the hundred thousands digit of 16155721?
1
What is the millions digit of 1421141?
1
What is the millions digit of 12992572?
2
What is the hundreds digit of 3059124?
1
What is the hundreds digit of 189058?
0
What is the units digit of 1750154?
4
What is the thousands digit of 6219965?
9
What is the hundred thousands digit of 1138072?
1
What is the hundreds digit of 310441?
4
What is the hundreds digit of 3692413?
4
What is the hundreds digit of 78202?
2
What is the ten thousands digit of 15653942?
5
What is the millions digit of 1657490?
1
What is the hundred thousands digit of 211141?
2
What is the ten thousands digit of 23103333?
0
What is the hundreds digit of 9033429?
4
What is the ten thousands digit of 40712?
4
What is the ten thousands digit of 84038?
8
What is the ten thousands digit of 9902014?
0
What is the units digit of 65240?
0
What is the tens digit of 3110454?
5
What is the millions digit of 1694635?
1
What is the ten thousands digit of 19846654?
4
What is the units digit of 8916466?
6
What is the thousands digit of 21829977?
9
What is the units digit of 3494?
4
What is the tens digit of 242173?
7
What is the units digit of 59658?
8
What is the ten thousands digit of 19478786?
7
What is the hundreds digit of 1325135?
1
What is the hundred thousands digit of 6083796?
0
What is the tens digit of 432798?
9
What is the ten thousands digit of 99659?
9
What is the hundreds digit of 979558?
5
What is the tens digit of 609220?
2
What is the hundred thousands digit of 16944596?
9
What is the units digit of 5852766?
6
What is the units digit of 39904?
4
What is the ten thousands digit of 602861?
0
What is the hundreds digit of 148625?
6
What is the thousands digit of 12783870?
3
What is the hundreds digit of 618580?
5
What is the thousands digit of 9543246?
3
What is the hundred thousands digit of 7044274?
0
What is the units digit of 513031?
1
What is the units digit of 4046938?
8
What is the ten thousands digit of 739459?
3
What is the hundreds digit of 533960?
9
What is the ten thousands digit of 534302?
3
What is the units digit of 7099497?
7
What is the hundred thousands digit of 341157?
3
What is the units digit of 192934?
4
What is the thousands digit of 1504261?
4
What is the thousands digit of 6990126?
0
What is the tens digit of 1770292?
9
What is the hundreds digit of 25997?
9
What is the thousands digit of 8384564?
4
What is the thousands digit of 20211721?
1
What is the tens digit of 50737?
3
What is the hundreds digit of 1886908?
9
What is the hundreds digit of 581718?
7
What is the hundred thousands digit of 585113?
5
What is the tens digit of 13352681?
8
What is the tens digit of 2537?
3
What is the thousands digit of 2846626?
6
What is the units digit of 31260283?
3
What is the hundreds digit of 923017?
0
What is the hundreds digit of 43867?
8
What is the thousands digit of 2812441?
2
What is the ten thousands digit of 154832?
5
What is the tens digit of 8735?
3
What is the ten millions digit of 12780461?
1
What is the thousands digit of 10434313?
4
What is the ten thousands digit of 1178888?
7
What is the tens digit of 669883?
8
What is the ten thousands digit of 7950325?
5
What is the ten thousands digit of 5239307?
3
What is the thousands digit of 4059446?
9
What is the units digit of 103236?
6
What is the hundred thousands digit of 890986?
8
What is the hundred thousands digit of 943223?
9
What is the units digit of 1444180?
0
What is the hundreds digit of 330459?
4
What is the hundreds digit of 1935477?
4
What is the ten thousands digit of 3166528?
6
What is the hundred thousands digit of 1070796?
0
What is the tens digit of 376882?
8
What is the tens digit of 14000086?
8
What is the units digit of 48258?
8
What is the hundred thousands digit of 905643?
9
What is the hundred thousands digit of 366460?
3
What is the thousands digit of 7056681?
6
What is the millions digit of 25679899?
5
What is the ten millions digit of 12688846?
1
What is the units digit of 430779?
9
What is the hundred thousands digit of 110092?
1
What is the ten thousands digit of 45391?
4
What is the hundreds digit of 9335340?
3
What is the ten thousands digit of 327749?
2
What is the hundred thousands digit of 1074255?
0
What is the tens digit of 335167?
6
What is the units digit of 1229634?
4
What is the units digit of 4616307?
7
What is the hundred thousands digit of 2490191?
4
What is the units digit of 359242?
2
What is the millions digit of 8388760?
8
What is the tens digit of 49684?
8
What is the ten millions digit of 19114662?
1
What is the ten thousands digit of 216626?
1
What is the thousands digit of 7465434?
5
What is the ten thousands digit of 19090721?
9
What is the ten thousands digit of 2132131?
3
What is the tens digit of 967319?
1
What is the units digit of 606223?
3
What is the millions digit of 4136159?
4
What is the tens digit of 486031?
3
What is the thousands digit of 14557082?
7
What is the thousands digit of 19473223?
3
What is the millions digit of 4815729?
4
What is the units digit of 183104?
4
What is the hundreds digit of 1949294?
2
What is the thousands digit of 2141600?
1
What is the hundreds digit of 56580?
5
What is the tens digit of 106613?
1
What is the hundred thousands digit of 7001692?
0
What is the hundreds digit of 619877?
8
What is the thousands digit of 1038?
1
What is the hundred thousands digit of 254446?
2
What is the millions digit of 1503795?
1
What is the thousands digit of 70887?
0
What is the hundred thousands digit of 5888292?
8
What is the hundreds digit of 3483100?
1
What is the millions digit of 1136412?
1
What is the hundreds digit of 2938056?
0
What is the ten thousands digit of 4718985?
1
What is the tens digit of 1818280?
8
What is the hundreds digit of 234525?
5
What is the units digit of 28988320?
0
What is the units digit of 382491?
1
What is the tens digit of 204218?
1
What is the hundreds digit of 193192?
1
What is the thousands digit of 1449249?
9
What is the tens digit of 874578?
7
What is the hundreds digit of 374837?
8
What is the tens digit of 18233226?
2
What is the hundreds digit of 4005915?
9
What is the thousands digit of 630016?
0
What is the millions digit of 8607731?
8
What is the millions digit of 1521692?
1
What is the thousands digit of 8313248?
3
What is the units digit of 1483287?
7
What is the hundred thousands digit of 22319102?
3
What is the hundreds digit of 3468639?
6
What is the ten thousands digit of 12408460?
0
What is the hundred thousands digit of 575257?
5
What is the hundred thousands digit of 614269?
6
What is the hundreds digit of 617998?
9
What is the tens digit of 62680?
8
What is the tens digit of 53377?
7
What is the millions digit of 3513300?
3
What is the units digit of 116797?
7
What is the ten thousands digit of 166406?
6
What is the units digit of 1700818?
8
What is the millions digit of 31839691?
1
What is the thousands digit of 4210116?
0
What is the thousands digit of 623211?
3
What is the hundreds digit of 1702686?
6
What is the tens digit of 1195855?
5
What is the hundreds digit of 357903?
9
What is the units digit of 860678?
8
What is the ten millions digit of 19679278?
1
What is the thousands digit of 78833?
8
What is the hundreds digit of 132110?
1
What is the ten thousands digit of 631361?
3
What is the hundreds digit of 235539?
5
What is the tens digit of 268371?
7
What is the thousands digit of 913771?
3
What is the ten thousands digit of 199996?
9
What is the hundreds digit of 3932248?
2
What is the tens digit of 86831?
3
What is the hundred thousands digit of 394977?
3
What is